
-1233
Let x(p) = -22*p + 1409. Give x(64).
1
Let r(h) = 2*h**3 - 325*h**2 + 4293*h - 152. Calculate r(148).
-4
Let w(o) = 32*o**3 - o**2 - o + 2. Determine w(1).
32
Let k(y) = 2*y**3 - 32*y**2 + 3. Give k(16).
3
Let w(c) = -12*c**3 - 29*c**2 - 56*c + 5. Give w(-2).
97
Let j(p) = -p**3 + 48*p**2 + 78*p + 746. Determine j(50).
-354
Let k(d) = 1251*d + 7507. Determine k(-6).
1
Let u(d) = -d**2 - 101*d - 1828. What is u(-74)?
170
Let o(b) = 423*b + 1333. Calculate o(-3).
64
Let d(x) = -240*x + 1389. What is d(6)?
-51
Let b(m) = -5*m - 162. Give b(-12).
-102
Let p(k) = -3*k**3 - 144*k**2 - 6. Determine p(-48).
-6
Let m(w) = 7*w**2 - 350*w - 365. Calculate m(51).
-8
Let j(q) = -4*q**3 + 60*q**2 - 69*q - 20. Calculate j(14).
-202
Let g(k) = -5*k**2 - 5*k + 5. What is g(-1)?
5
Let f(q) = 104*q**2 - 2*q + 14. Determine f(0).
14
Let o(l) = -2*l**3 - 41*l**2 + 1119*l + 5. Give o(-36).
-103
Let q(z) = 635*z + 1180. Calculate q(-2).
-90
Let r(o) = -o**3 - 39*o**2 + 46*o + 223. Determine r(-40).
-17
Let i(o) = -o**3 + 3*o**2 - 53*o + 135. Determine i(3).
-24
Let i(t) = 8930*t - 44657. Determine i(5).
-7
Let t(r) = 109*r + 35864. What is t(-329)?
3
Let h(u) = 2*u**2 + 27*u + 58. Calculate h(-9).
-23
Let h(v) = -597*v - 2395. Determine h(-4).
-7
Let i(r) = 37*r + 607. Give i(-24).
-281
Let d(m) = -112*m - 1238. What is d(-11)?
-6
Let s(g) = -g**2 - 231*g + 297. Give s(0).
297
Let p(n) = 2*n**2 + 5*n - 56. Give p(6).
46
Let h(b) = 132*b + 2220. Give h(-18).
-156
Let j(i) = -i**3 + 27*i**2 - 76*i - 94. What is j(23)?
274
Let x(o) = o**3 - 12*o**2 + 50*o - 170. Give x(6).
-86
Let n(z) = -3*z**2 - 140*z + 68. What is n(-47)?
21
Let d(f) = -51*f**2 + 141*f - 146. What is d(1)?
-56
Let u(l) = -3*l + 210. Calculate u(29).
123
Let i(r) = -r**3 - 10*r**2 + 14*r + 47. What is i(-11)?
14
Let j(q) = -q**3 + 21*q**2 + 25*q + 491. Give j(23).
8
Let j(a) = -38*a - 4654. What is j(-123)?
20
Let k(f) = -3*f**3 - 5*f**2 - 280*f - 550. Calculate k(-2).
14
Let o(c) = 3*c**3 - 33*c**2 - 44*c + 13. What is o(13)?
455
Let o(m) = 3*m**3 - 51*m + 145. Determine o(3).
73
Let y(d) = -d**3 + 17*d**2 - 43*d - 36. Determine y(14).
-50
Let l(t) = -t**2 - 453*t - 5291. What is l(-12)?
1
Let p(a) = -75*a - 4431. Give p(-59).
-6
Let a(q) = 2*q**3 - 18*q**2 - 71*q - 3. What is a(-3)?
-6
Let f(m) = -m**2 + 19*m + 99. Determine f(10).
189
Let l(j) = -89*j - 1246. What is l(-14)?
0
Let i(b) = -8*b - 318. Calculate i(11).
-406
Let u(a) = -8*a**2 + 1174*a + 5118. Give u(151).
-16
Let b(o) = -o**2 - 13*o - 61. What is b(-14)?
-75
Let x(u) = -4*u**2 - 16*u - 10. Determine x(-3).
2
Let o(r) = -7*r - 6. Calculate o(-1).
1
Let b(a) = a**2 - 44*a - 530. What is b(54)?
10
Let x(n) = -337*n + 672. What is x(2)?
-2
Let q(u) = u**3 + 24*u**2 + 72*u - 2. Give q(-4).
30
Let y(f) = -1506*f - 31623. Calculate y(-21).
3
Let y(f) = -3*f**2 + 70*f - 40. Give y(21).
107
Let c(j) = j**2 - 18*j + 92. Determine c(10).
12
Let c(q) = -21*q + 84. Give c(-5).
189
Let z(i) = 5*i**2 + 557*i + 1323. Determine z(-109).
15
Let v(c) = -c**3 - 147*c**2 + 121*c + 17794. Calculate v(-147).
7
Let l(m) = -m**2 + 78*m - 95. What is l(77)?
-18
Let r(o) = -4252*o + 72288. What is r(17)?
4
Let s(l) = -l**3 + 43*l**2 - 117*l - 44. What is s(40)?
76
Let w(l) = -37*l + 1932. Calculate w(52).
8
Let i(r) = -13*r**2 + 238*r + 751. Determine i(21).
16
Let d(i) = i**3 + 31*i**2 + 170*i + 63. Calculate d(-24).
15
Let k(r) = 92*r - 1733. Give k(18).
-77
Let i(d) = 19*d + 791. Determine i(-47).
-102
Let q(d) = -d**3 - 25*d**2 + 148*d - 56. What is q(-30)?
4
Let k(n) = -3*n**2 - 219*n - 223. Give k(-72).
-7
Let k(x) = 2*x**3 + 31*x**2 - 22*x - 123. What is k(-16)?
-27
Let h(y) = -290*y - 21158. Determine h(-73).
12
Let p(b) = 16*b + 101. Calculate p(5).
181
Let v(c) = -24*c**3 - 44*c**2 + 65*c - 5. Determine v(-3).
52
Let q(t) = -6*t**3 + 41*t**2 + 89*t - 582. Determine q(7).
-8
Let a(h) = -103*h + 9382. Calculate a(91).
9
Let o(s) = -71*s + 3964. What is o(58)?
-154
Let y(f) = 2*f**3 + 16*f**2 + 374*f + 2485. What is y(-7)?
-35
Let r(j) = -709*j - 55312. Give r(-78).
-10
Let f(x) = -2*x**3 + 37*x**2 + 20*x - 42. Calculate f(19).
-23
Let r(i) = 596*i - 19075. Determine r(32).
-3
Let k(g) = 8*g**2 - 110*g - 39. Calculate k(14).
-11
Let s(c) = -c**3 + 21*c**2 - 2*c + 47. Calculate s(21).
5
Let q(j) = -j**2 + 82*j + 4570. Give q(120).
10
Let g(y) = 20*y + 53. Give g(-8).
-107
Let s(f) = 2*f**2 + 93*f - 512. What is s(5)?
3
Let z(h) = 2*h**2 - 132*h - 132. What is z(-1)?
2
Let t(m) = 2*m**2 - 362*m + 15546. What is t(70)?
6
Let f(a) = -a**2 - 799*a + 1595. Calculate f(2).
-7
Let i(z) = -11*z**3 - 98*z**2 + 10*z + 17. Determine i(-9).
8
Let t(f) = -f**2 - f + 62. Calculate t(-10).
-28
Let a(g) = 5*g**2 - 510*g - 2046. Calculate a(-4).
74
Let o(l) = -28*l - 1311. Determine o(-47).
5
Let y(d) = 16*d + 36. Give y(11).
212
Let b(o) = 1167*o - 9287. What is b(8)?
49
Let u(q) = -112*q - 148. Determine u(-3).
188
Let a(o) = 360*o - 720. Determine a(2).
0
Let i(k) = -k**2 + 237*k + 972. Determine i(-4).
8
Let r(j) = j**3 + 71*j**2 + 554*j - 214. What is r(-62)?
34
Let i(n) = 7*n**3 + 37*n**2 + 22*n + 56. Determine i(-5).
-4
Let q(i) = 4*i**2 + 5565*i + 16699. Calculate q(-3).
40
Let k(v) = 12*v**3 + v**2 - v. Give k(-1).
-10
Let f(x) = -91*x + 9413. What is f(104)?
-51
Let h(i) = 14*i**2 - 744*i + 147. Give h(53).
41
Let a(t) = t**3 - 24*t**2 - 164*t + 21. Determine a(30).
501
Let s(w) = -34*w**2 + 237*w + 9. Determine s(7).
2
Let f(s) = s**3 - 9*s**2 + 7*s - 76. Determine f(9).
-13
Let k(i) = -i**2 - 67*i + 428. Calculate k(6).
-10
Let t(s) = -116*s + 4063. Calculate t(35).
3
Let o(g) = 62*g + 185. What is o(-3)?
-1
Let x(j) = 7972*j - 31881. Give x(4).
7
Let z(o) = -o**3 + 9*o**2 - 4*o + 71. What is z(10)?
-69
Let m(u) = 324*u - 951. Give m(3).
21
Let z(o) = 16*o**2 + 1297*o + 33. What is z(-81)?
-48
Let y(q) = 5*q + 139. Give y(-30).
-11
Let c(v) = -7*v**2 + 60*v - 9. Calculate c(13).
-412
Let w(o) = 634*o - 2547. Determine w(4).
-11
Let j(v) = -v**3 - 61*v**2 + 57*v - 34. What is j(-62)?
276
Let h(n) = n**3 + n**2 - n + 44. What is h(0)?
44
Let l(h) = -5954*h - 47635. Calculate l(-8).
-3
Let q(f) = -f**2 - 78*f + 489. What is q(6)?
-15
Let x(l) = -14*l**2 + 233*l + 32. Calculate x(17).
-53
Let s(w) = 2*w**2 + 22*w - 22. Give s(4).
98
Let p(k) = k**2 - 94*k - 794. What is p(-8)?
22
Let r(c) = -21*c**2 + 274*c - 2. Calculate r(13).
11
Let v(s) = 5*s**2 + 532*s + 345. Give v(-106).
133
Let p(j) = 87*j + 471. Give p(-6).
-51
Let m(j) = 2*j**3 - 7*j**2 - 20*j + 56. Give m(3).
-13
Let d(q) = 7*q**3 - 128*q**2 + 36*q + 32. Give d(18).
32
Let u(i) = -i**3 - 14*i**2 - 46*i - 5. Determine u(-5).
0
Let w(l) = -2*l**2 - 27*l + 34. Give w(-17).
-85
Let s(g) = -3*g**3 + 27*g**2 - 16*g + 1. Give s(8).
65
Let f(d) = 4*d**2 - 4*d. Determine f(1).
0
Let g(m) = m**3 + 18*m**2 - 13*m + 191. What is g(-19)?
77
Let k(g) = -174*g + 4414. Calculate k(26).
-110
Let j(a) = a**3 + 16*a**2 + 58*a + 25. Give j(-10).
45
Let z(s) = 186*s - 772. What is z(4)?
-28
Let j(m) = m**3 + 17*m**2 - 50*m - 565. What is j(-18)?
11
Let q(p) = -2*p**3 - 40*p**2 - 81*p - 178. What is q(-18)?
-16
Let i(t) = -t**2 + 76*t + 653. Calculate i(80).
333
Let f(h) = h**2 - 365*h + 3939. Give f(11).
45
Let k(x) = -201*x**2 + 1000*x + 28. What is k(5)?
3
Let q(x) = -x**3 - 9*x**2 - 15*x - 42. Determine q(-8).
14
Let h(t) = 35*t - 859. What is h(25)?
16
Let k(m) = -14*m + 80. Determine k(25).
-270
Let t(u) = -58*u + 392. Calculate t(18).
-652
Let q(h) = -11*h + 316. Determine q(35).
-69
Let b(c) = 935*c - 943. What is b(1)?
-8
Let n(f) = 187*f**3 - f**2 - 2*f - 2. Calculate n(-1).
-188
Let o(c) = -c**3 - 26*c**2 + 406*c - 86. Give o(-37).
-49
Let l(z) = -z**3 + 29*z**2 - 803*z + 20230. Give l(27).
7
Let k(w) = -w**2 + 84*w + 2610. What is k(108)?
18
Let n(f) = -f**2 - 5*f - 572. Calculate n(0).
-572
Let w(l) = l**3 - 3*l - 4. Calculate w(3).
14
Let l(h) = -60*h**3 + 422*h**2 - 29*h + 107. Determine l(7).
2
Let x(n) = n**2 - 477*n + 37952. What is x(101)?
-24
Let f(i) = -i**3 + 9*i**2 - 10*i - 12. Determine f(5).
38
Let q(y) = -y**3 + 47*y**2 + 117*y + 1647. Determine q(50).
-3
Let m(i) = 185*i - 764. Give m(5).
161
Let a(p) = p**3 - 15*p**2 + 2*p - 26. What is a(11)?
-488
Let q(a) = 4*a**2 + 5*a - 26. What i